ppose 5*d = -5, 0*s + 20 = s - 4*d. Let l = s - 11. Let q = l - 1. What is the units digit of q?
4
Let d(t) = 3*t**2 - 6*t + 5. Let n be d(4). Let v = 40 - n. What is the tens digit of v?
1
Suppose -5*n = -4*g + 2*g + 121, 5*g - n - 268 = 0. Let h = 78 - g. What is the tens digit of h?
2
Suppose 3*c = -k - k - 16, 3*c + 18 = -3*k. Suppose -2*y + 0*y = -2. What is the units digit of -2 + y - (-7 - k)?
4
Suppose -9*p + 8*p = -3. Suppose -6*f - 15 = -p*f. Let d = f + 15. What is the units digit of d?
0
Suppose 3*d - 96 = 5*i - 6, -d = 5*i - 50. What is the tens digit of d?
3
Let i = -760 + 1109. What is the tens digit of i?
4
Suppose -3*s - 7 = -r - 2*s, 0 = -3*r - 3*s - 3. What is the units digit of r?
3
What is the units digit of (-38)/10*(-4 + -1)?
9
Let y(u) = -9*u + 14. What is the units digit of y(-25)?
9
Suppose -5*n - 56 = 3*q + 8, 3*q - 24 = 3*n. Let v = n + 15. What is the units digit of v?
4
What is the tens digit of (-54)/(-4) + 9/6?
1
Suppose -3*z + 12 = -3. Suppose 0 = -z*r + 41 + 9. What is the tens digit of r?
1
What is the tens digit of -236*5/(-30)*3?
1
Suppose -35 = -5*u + 4*f, u + 4*f = -u - 14. Suppose 5*g + 22 = u*t - 13, -4*g - 37 = -3*t. What is the units digit of t?
5
Let o(v) = v + 1. Suppose 0 = 4*t + 4*n - 4, 2*n = 0. What is the units digit of o(t)?
2
What is the units digit of ((-6125)/(-84) + 6/8)*3?
1
Suppose -7*d + 2*d + 660 = 0. Let p = d + -90. What is the tens digit of p?
4
Let b(m) = 4*m**2 + 5*m + 7. Let a be (-2)/13 + 185/(-65). What is the units digit of b(a)?
8
Let d be 0 - 4/2*-1. Suppose 88 = d*u - 6*u. Let c = 33 + u. What is the units digit of c?
1
Let u(x) = x**2 + 7*x + 9. Let c be ((-18)/(-15))/(1/(-5)). What is the units digit of u(c)?
3
Suppose 5*w + 233 - 38 = 0. What is the units digit of (3 - w/6)*2?
9
Let c = -8 - -16. Let o(d) = -d**2 + 10*d - 11. Let s(h) = -h + 1. Let y(w) = -o(w) - 2*s(w). What is the units digit of y(c)?
9
Let d(l) = l**3 - 2*l - 1. Let v be d(-1). Suppose 11 = -3*x - j, -8*j = 5*x - 4*j + 30. What is the units digit of 4 + 1 - (v + x)?
7
Let u(g) = g**2 + 6*g + 7. Let b be u(-8). Let r = b + -1. What is the tens digit of r?
2
Let u = 60 - 39. What is the tens digit of u?
2
Let c(t) be the second derivative of t**3/6 - 9*t**2/2 + 8*t. What is the units digit of c(10)?
1
Let d(r) = 20*r**2 - r - 1. What is the units digit of d(-1)?
0
Suppose 4*d - 175 = -d. What is the units digit of d?
5
What is the tens digit of 5/(-2)*64/(-10)?
1
Let r be (-5)/15 + 20/6. Let y(v) = 2 - 5*v - 4*v**3 + 3*v**3 - 1 - 3 - r*v**2. What is the tens digit of y(-3)?
1
Suppose -8*y + 9*y - 60 = 0. What is the tens digit of y?
6
Let l be 2/(-8) - 98/(-8). Let f be 1/(13/7 - 2). Let d = l + f. What is the units digit of d?
5
Let k(x) = -x**3 + 5*x**2 - 2*x - 2. Let f be k(4). Let j = 11 + f. What is the tens digit of j?
1
What is the tens digit of 1/(-7) + (-1037)/(-7)?
4
Let q be 0/(6/(-3 - -6)). Let b(n) = -n**2 + n + 2. Let f be b(q). What is the tens digit of 28/21*15/f?
1
Let l be (-3)/(26/32 + -1). Suppose -62 = -5*r - w, r + 2*w - l = -0*r. Suppose r = a + a. What is the units digit of a?
6
Let q = 187 + -113. Suppose -4*k - 22 = -q. Let z = 18 - k. What is the units digit of z?
5
Let n = -13 - -23. What is the units digit of n?
0
Suppose 4*j - 26 = 86. What is the tens digit of j?
2
Let l(u) be the third derivative of 0*u - 1/24*u**4 + 0 + 11/6*u**3 - 3*u**2. What is the units digit of l(5)?
6
Let c = 224 - 136. What is the units digit of c?
8
Suppose -10 = -x + 6*x. Let f be ((-6)/(-9))/(x/9). What is the units digit of 4/3 - (-1)/f?
1
Let l(d) be the first derivative of 2 + 9*d + 1/2*d**2 + 1/3*d**3. What is the units digit of l(0)?
9
Suppose 13 + 12 = 5*h. Suppose -h*f + 5*s - s + 22 = 0, -32 = -4*f - 4*s. What is the units digit of f/(-21) - 111/(-21)?
5
Let g be 6/2 + 8 + -1. Suppose -3*j + g = -5. Let h = 8 - j. What is the units digit of h?
3
Let h(c) be the second derivative of c**3/2 + 2*c. What is the tens digit of h(5)?
1
Suppose -2*q + 20 = 3*q, 2*y - 52 = -q. Let p = -11 + y. What is the tens digit of p?
1
Suppose -p - 3*p + 2*j = -30, 0 = 4*p + j - 27. Let d = p - 11. What is the tens digit of 2/d + (-25)/(-2)?
1
Let r be (-40)/(-6)*6/4. What is the tens digit of 126/r + 3/(-5)?
1
Let h(d) = 71*d - 8. What is the units digit of h(4)?
6
Let j = 14 - -5. What is the tens digit of j?
1
Suppose -6*q + 2 = -5*q. Suppose q*y + 3 = -f - 1, -2*f = y - 4. Suppose -3*g = -47 - f. What is the units digit of g?
7
Let m = -20 - -15. Let l = m - -11. What is the units digit of l?
6
Suppose 5 = 2*a + 4*o + 3, 0 = -5*a + 4*o + 61. What is the units digit of a?
9
Let v(y) = -95*y**3 - y**2 + 2*y + 3. What is the tens digit of v(-1)?
9
Suppose x - 4*m = 2*x - 42, 2*m = x - 72. Suppose 3*b + 23 = x. What is the units digit of b?
3
What is the units digit of 744/34 + 22/187?
2
Suppose -t + 6 = t, 0 = -5*y - t + 3. Let q = 12 - 28. Let r = y - q. What is the units digit of r?
6
Let w be 0*(15/6 + -2). Let m be (-4)/(-5) - (-3)/15. Suppose 5*g - m = n, w*n + 5*n + 5*g - 115 = 0. What is the tens digit of n?
1
Suppose 5*x - 5*i + 4 = 9, 3*i + 15 = 5*x. Let z(p) = p - 8. Let u be z(9). What is the units digit of u + 2*(-2 + x)?
9
Let z(p) = -p**2. Let g be z(-9). Let k = -34 - g. What is the tens digit of k?
4
Let z be 2/(-5) + (-144)/(-10). Let q = z + -10. Let b = q - -3. What is the units digit of b?
7
Let q = 502 + -285. What is the hundreds digit of q?
2
Let c = -76 - -122. What is the tens digit of c?
4
Let u be (-14 + 7)*(-1 + 0). Let n(p) = p + 2. Let i be n(u). Suppose d = -3 + i. What is the units digit of d?
6
Let u(p) = 2*p**3 - 6*p**2 + 3. What is the tens digit of u(4)?
3
Suppose -p = -2*d - 2, -2*d - 4*p + 8 = -0*p. Suppose d = 4*s + 4*l - 36, 0*l = -3*l - 15. What is the tens digit of s?
1
Let g = 16 + 88. What is the units digit of g?
4
Suppose -2*u + q - 4 = 0, 5*u + 2*q + 3*q = 20. Suppose u*y + 5*y - 15 = 0. Suppose -a + y = 2. What is the units digit of a?
1
Let r = 40 - 29. Let z = r + -6. Suppose 0*v = z*v - 20. What is the units digit of v?
4
Let b be 1 + 1 + 6 + -7. Suppose -r + 4 - b = 0. What is the units digit of r?
3
Let b(d) = -3 - 1 + 2*d**2 - d + 1. What is the units digit of b(3)?
2
Let h = -3 - -6. Let l be ((-2)/6)/(h/(-873)). Suppose -16 = -4*a, 2*a - l = -5*f - a. What is the tens digit of f?
1
Let s be 0 - (11 + -2 + 3). Let c be (-2)/(-3)*s/8. Let m = 3 - c. What is the units digit of m?
4
Suppose -4*c - y = -9 - 4, 2*y = -4*c + 18. Suppose -c*z = -0*z - 48. Suppose -1 = -5*t + z. What is the units digit of t?
5
Let d be ((-12)/(-16))/((-2)/(-8)). Suppose -4*h - 5 = 3. Let a = d + h. What is the units digit of a?
1
Suppose -2*d + 5*d + 33 = 0. Let g be 84/(-22) + 2/d. Let i(h) = h**2 + 3*h - 2. What is the units digit of i(g)?
2
Suppose -g + 4*l = -l + 6, 2 = -g + 3*l. Suppose -2*w + g*w + 3*x - 55 = 0, -5*w - 4*x = -148. What is the units digit of w?
2
Let m(t) = -2*t + 12. What is the units digit of m(-11)?
4
Suppose 5*a = 6 - 1. Let x be ((-8)/(-6))/(2/9). Let d = x - a. What is the units digit of d?
5
Let c(o) = o + 7. What is the units digit of c(-6)?
1
Let p(c) = c**3 + 8*c**2 + c + 5. Let x be p(-8). Let j be 6/(-4)*8/x. Suppose 2*o + 10 = 3*v - 6, 0 = -j*v - 5*o - 17. What is the units digit of v?
2
Suppose 5*u - 4*v = -0*u + 734, -5*u - 3*v = -762. What is the hundreds digit of u?
1
Let b(p) = p**2 + 2*p + 195. What is the tens digit of b(0)?
9
Suppose 3*s + 4*f + f + 11 = 0, -3*f - 15 = -s. Let b(x) = -3 - s*x + 3 - 2 - 1. What is the units digit of b(-2)?
3
Let j = -1 - -5. Suppose 6*b - b + 5*t - 10 = 0, -2*b - j*t = -2. Suppose 0*p + b*p - 42 = -4*q, q = p + 7. What is the units digit of q?
9
Suppose -q - 10 = -6*q. Suppose q*c - 10 = -3*c. Suppose -o + 5 = c. What is the units digit of o?
3
Let t(p) = 6*p**2 + 18*p - 6. What is the tens digit of t(-7)?
6
What is the hundreds digit of (29715/(-12))/(-7) + 1/4?
3
Suppose -237 + 42 = -5*v. What is the tens digit of v?
3
Suppose 23 = 3*q - 1. Suppose -3 = w - q. Suppose f + 3*v = -7 - 6, -w*v - 25 = 0. What is the units digit of f?
2
Let k = -4 + 10. Let j(u) = u**3 + 4*u**2 + 3*u - 1. Let a be j(-3). Let n = a + k. What is the units digit of n?
5
Let a = -190 + 305. What is the units digit of a?
